1dbe14
What is -680452 (base 15) in base 11?
-288a216
Convert -1105542302 (base 6) to base 2.
-101101111010010001111110
What is 1204584 (base 11) in base 5?
1014142214
What is -6377132 (base 8) in base 10?
-1703514
Convert 421125 (base 12) to base 10.
1038701
200300300 (base 4) to base 15
29b62
Convert 23422432 (base 5) to base 3.
102001000000
-d3c4 (base 15) to base 12
-21a7a
Convert 3776ac (base 14) to base 8.
7204510
36890 (base 10) to base 14
d630
Convert -300092 (base 11) to base 9.
-815808
What is 71050 (base 9) in base 8?
133155
-1547870 (base 14) to base 5
-10130040234
Convert -20101312323 (base 4) to base 9.
-4067073
-146045546 (base 7) to base 5
-10000321330
63401120 (base 7) to base 14
9d8047
Convert -1156c69 (base 14) to base 10.
-8278349
Convert 3a939 (base 12) to base 6.
1422113
15125287 (base 9) to base 2
11100101011000001000111
Convert -152772 (base 16) to base 4.
-11102131302
-164435 (base 15) to base 16
-107147
What is -10b597 (base 12) in base 6?
-5431511
What is -26c17 (base 16) in base 11?
-a92a2
What is -c3ae61 (base 16) in base 13?
-287017c
What is 30444330 (base 5) in base 15?
4e0e5
Convert -934362 (base 14) to base 7.
-60135652
Convert a1649 (base 12) to base 10.
210009
What is 9b990a (base 12) in base 16?
25e8da
What is 101000001010101001000110 (base 2) in base 8?
50125106
What is 300136 (base 8) in base 12?
48b3a
What is -1034034 (base 5) in base 16?
-4663
-40023710 (base 8) to base 12
-29904b4
28889 (base 16) to base 15
342d5
What is 242142 (base 8) in base 4?
110101202
Convert 19b1147 (base 12) to base 10.
5455495
Convert 2344a3 (base 11) to base 14.
99798
What is 207238 (base 10) in base 9?
345244
Convert -284dd (base 15) to base 11.
-89209
What is -1a32736 (base 12) in base 15?
-746bb3
-c43e (base 16) to base 12
-250a6
What is 1000310320130 (base 4) in base 13?
36a001c
131113 (base 4) to base 5
30004
15953 (base 16) to base 6
1521135
What is -46103161 (base 7) in base 16?
-3d4f4a
-1005104351 (base 6) to base 14
-1528bb5
672b80 (base 12) to base 8
6211420
Convert -272007 (base 13) to base 9.
-1702826
-652c6 (base 13) to base 4
-230221003
What is -352a36 (base 12) in base 8?
-3206112
Convert -12100011120122 (base 3) to base 12.
-b4a222
6cf8e (base 16) to base 12
19637a
Convert -4960b (base 15) to base 13.
-82802
-11000001010 (base 2) to base 11
-1186
17fcd (base 16) to base 10
98253
What is -598713 (base 11) in base 14?
-1a9965
Convert -907008 (base 10) to base 6.
-31235040
1360004 (base 7) to base 6
3524452
-102002202011 (base 3) to base 8
-652623
What is 55553041 (base 6) in base 5?
412211433
-83951 (base 14) to base 2
-1001101011111010011
-916792 (base 10) to base 14
-19c172
What is -10011100000001101011 (base 2) in base 8?
-2340153
2131342 (base 5) to base 4
20321320
What is 2216663 (base 7) in base 14?
71a6a
What is -420122 (base 7) in base 13?
-26a7a
What is 536832 (base 11) in base 5?
204430132
Convert 22365403 (base 7) to base 4.
13123313011
What is -10011010110001010100 (base 2) in base 4?
-2122301110
What is -11024334322 (base 5) in base 10?
-11949337
What is 20533133 (base 6) in base 5?
123301340
Convert -e2b950 (base 15) to base 8.
-51056415
Convert 74702 (base 11) to base 8.
324164
What is -140134 (base 10) in base 15?
-2b7c4
Convert -ca9e (base 15) to base 10.
-42899
What is 11625562 (base 7) in base 5?
232030330
-b22498 (base 16) to base 2
-101100100010010010011000
What is 4042004023 (base 5) in base 12?
2894423
What is -4035310 (base 7) in base 2?
-1110101000110110100
Convert -4a297 (base 11) to base 7.
-420363
What is -48b20 (base 12) in base 7?
-556545
Convert -1700725 (base 8) to base 4.
-1320013111
-1167442 (base 8) to base 10
-323362
Convert -86479 (base 10) to base 13.
-30493
-3411222111 (base 5) to base 3
-112011020011200
Convert -48b508 (base 12) to base 16.
-120518
Convert -2dc48 (base 14) to base 12.
-56608
What is -c3b28 (base 13) in base 15?
-6e0e6
-4401451 (base 6) to base 9
-362174
315620 (base 8) to base 2
11001101110010000
-42c17d (base 15) to base 3
-12222112120201
Convert -9804675 (base 10) to base 2.
-100101011001101110000011
Convert 97202 (base 11) to base 10.
141330
What is 391171 (base 11) in base 12?
2588b0
Convert 20acc5 (base 13) to base 12.
30b875
-188673 (base 15) to base 12
-496369
What is -9496c4 (base 13) in base 7?
-41360345
What is 2c3c6 (base 14) in base 8?
327672
246015 (base 7) to base 8
130350
Convert 1157aa (base 12) to base 5.
32414341
Convert 1345138 (base 10) to base 3.
2112100011221
Convert 29379 (base 10) to base 3.
1111022010
-11010001111001100 (base 2) to base 5
-11414333
Convert -40625776 (base 9) to base 16.
-12999d5
What is 111302310 (base 4) in base 16?
15cb4
-164112 (base 16) to base 12
-5a4016
-369576 (base 10) to base 8
-1321650
-826da2 (base 15) to base 4
-113221210121
153123323 (base 6) to base 16
314ac3
-10021221000222 (base 3) to base 14
-337c55
-44120231 (base 8) to base 9
-18745701
111111111001101000000 (base 2) to base 13
5840b4
Convert -1000111001100100111 (base 2) to base 6.
-10130035
-242532203 (base 7) to base 11
-8609275
Convert -20120121221 (base 3) to base 16.
-1f9d2
What is 1151453 (base 7) in base 13?
51c08
Convert -1120424133 (base 5) to base 13.
-6a0562
Convert 318a270 (base 11) to base 7.
65440312
What is 1789461 (base 10) in base 3?
10100220200100
Convert 1110011110101101011 (base 2) to base 5.
110140400
What is -1110202000221 (base 3) in base 9?
-1422027
-1b99e8 (base 15) to base 6
-44524432
Convert -349190 (base 10) to base 5.
-42133230
Convert -1014423 (base 7) to base 8.
-355443
-53c9 (base 15) to base 7
-102501
Convert 162d4 (base 16) to base 13.
32465
Convert 65603 (base 10) to base 11.
4531a
Convert -765647 (base 11) to base 9.
-2263123
What is 3141012 (base 5) in base 9?
80170
What is -102321321123 (base 4) in base 10?
-4955739
-4406165 (base 7) to base 10
-539978
-804b40 (base 14) to base 7
-51453310
What is 7a98518 (base 11) in base 10?
14154478
968858 (base 10) to base 16
ec89a
What is -212221120022 (base 3) in base 13?
-136706
269c75 (base 13) to base 4
3210132221
Convert -31322221211 (base 4) to base 16.
-37aa65
-2024022 (base 5) to base 9
-50250
110013210 (base 4) to base 15
19639
32023212 (base 4) to base 12
29746
What is 3476137 (base 12) in base 13?
212c365
Convert 40425 (base 11) to base 6.
1133255
Convert 68777 (base 16) to base 15.
86bb5
-4104230 (base 5) to base 9
-110714
-442a9a (base 12) to base 13
-2bc0c9
What is -3bab9 (base 13) in base 14?
-2c9c0
6521018 (base 10) to base 8
30700272
4045766 (base 9) to base 16
20e6f8
-1042223022 (base 6) to base 15
-ed5ea8
What is -754632 (base 9) in base 8?
-1556053
What is 490977 (base 11) in base 16?
bdbba
Convert 93929 (base 10) to base 15.
1cc6e
-4044d (base 16) to base 3
-111101002211
Convert -308ac (base 16) to base 4.
-300202230
1203020213 (base 4) to base 11
258091
-2635262 (base 12) to base 2
-11100101111111000101010
Convert -68aba (base 14) to base 4.
-332021230
623835 (base 13) to base 10
2292867
What is 353ec (base 16) in base 6?
4401404
-122022322031 (base 4) to base 3
-110220112201222
-3a037 (base 13) to base 16
-1a4b3
Convert -444311 (base 9) to base 10.
-265609
-2766713 (base 8) to base 9
-1421344
What is 18683702 (base 9) in base 15?
c68375
-120211022020112 (base 3) to base 13
-1986320
-1310311 (base 4) to base 13
-3532
What is 2d152c (base 15) in base 7?
24353550
What is 235e3 (base 15) in base 7?
646416
Convert 2404030 (base 5) to base 14.
121bb
-11120022102121 (base 3) to base 15
-32e254
Convert 13030303 (base 6) to base 12.
185393
Convert 1131340004 (base 5) to base 8.
11741075
Convert 54b52 (base 12) to base 16.
1b66e
What is -4b13f (base 16) in base 11?
-1a0053
What is -21213000 (base 5) in base 6?
-3501141
Convert -1100011000100101000 (base 2) to base 6.
-12410412
Convert 1111010000000010000 (base 2) to base 6.
14413320
What is 4432342223 (base 5) in base 9?
20142147
-12264560 (base 7) to base 14
-20bda0
What is -1124224 (base 7) in base 3?
-21011001211
Convert 11001101111100 (base 2) to base 5.
410210
-14012777 (base 9) to base 16
-698d0d
237c4 (base 16) to base 7
1143520
What is -421103 (base 5) in base 3?
-201001221
-202113123 (base 4) to base 16
-225db
-3078365 (base 10) to base 13
-83a224
Convert 34412535 (base 6) to base 12.
43114b
-10